me factors of 1794?
2, 3, 13, 23
List the prime factors of 17061.
3, 11, 47
What are the prime factors of 641?
641
What are the prime factors of 18682?
2, 9341
List the prime factors of 784.
2, 7
What are the prime factors of 16213?
31, 523
List the prime factors of 27.
3
List the prime factors of 47105.
5, 9421
What are the prime factors of 1093?
1093
List the prime factors of 22621.
22621
What are the prime factors of 35990?
2, 5, 59, 61
What are the prime factors of 885?
3, 5, 59
List the prime factors of 10450.
2, 5, 11, 19
List the prime factors of 1405.
5, 281
List the prime factors of 21227.
21227
What are the prime factors of 21527?
11, 19, 103
List the prime factors of 163.
163
What are the prime factors of 10138?
2, 37, 137
List the prime factors of 1926.
2, 3, 107
What are the prime factors of 9030?
2, 3, 5, 7, 43
What are the prime factors of 2593?
2593
What are the prime factors of 887?
887
List the prime factors of 126708.
2, 3, 10559
What are the prime factors of 543?
3, 181
List the prime factors of 9245.
5, 43
List the prime factors of 3643.
3643
List the prime factors of 32806.
2, 47, 349
What are the prime factors of 108169?
23, 4703
What are the prime factors of 39728?
2, 13, 191
List the prime factors of 695.
5, 139
What are the prime factors of 11534?
2, 73, 79
List the prime factors of 46528.
2, 727
What are the prime factors of 71?
71
List the prime factors of 28129.
23, 1223
List the prime factors of 1334.
2, 23, 29
What are the prime factors of 1556?
2, 389
List the prime factors of 11645.
5, 17, 137
What are the prime factors of 67190?
2, 5, 6719
List the prime factors of 1625.
5, 13
What are the prime factors of 3254?
2, 1627
What are the prime factors of 13483?
97, 139
What are the prime factors of 369?
3, 41
What are the prime factors of 8616?
2, 3, 359
What are the prime factors of 12505?
5, 41, 61
What are the prime factors of 3895?
5, 19, 41
What are the prime factors of 8438?
2, 4219
What are the prime factors of 27708?
2, 3, 2309
What are the prime factors of 44686?
2, 22343
List the prime factors of 192.
2, 3
What are the prime factors of 54633?
3, 18211
List the prime factors of 5816.
2, 727
List the prime factors of 3294.
2, 3, 61
What are the prime factors of 712?
2, 89
What are the prime factors of 165916?
2, 41479
What are the prime factors of 6719?
6719
List the prime factors of 9430.
2, 5, 23, 41
What are the prime factors of 1240?
2, 5, 31
What are the prime factors of 21258?
2, 3, 1181
What are the prime factors of 17173?
13, 1321
List the prime factors of 59187.
3, 109, 181
What are the prime factors of 902?
2, 11, 41
What are the prime factors of 3420?
2, 3, 5, 19
What are the prime factors of 1403?
23, 61
What are the prime factors of 557?
557
What are the prime factors of 39758?
2, 103, 193
What are the prime factors of 772?
2, 193
List the prime factors of 7968.
2, 3, 83
What are the prime factors of 32768?
2
What are the prime factors of 349?
349
What are the prime factors of 20123?
20123
What are the prime factors of 61717?
61717
What are the prime factors of 4192?
2, 131
List the prime factors of 1069.
1069
List the prime factors of 60915.
3, 5, 31, 131
List the prime factors of 25.
5
List the prime factors of 6132.
2, 3, 7, 73
What are the prime factors of 3813?
3, 31, 41
List the prime factors of 1188.
2, 3, 11
List the prime factors of 3968.
2, 31
List the prime factors of 8722.
2, 7, 89
List the prime factors of 1481.
1481
What are the prime factors of 847?
7, 11
What are the prime factors of 10967?
11, 997
What are the prime factors of 12839?
37, 347
What are the prime factors of 1295?
5, 7, 37
List the prime factors of 1017.
3, 113
What are the prime factors of 12741?
3, 31, 137
List the prime factors of 3051.
3, 113
List the prime factors of 12331.
11, 19, 59
What are the prime factors of 2012?
2, 503
What are the prime factors of 34359?
3, 13, 881
What are the prime factors of 346?
2, 173
List the prime factors of 5406.
2, 3, 17, 53
What are the prime factors of 23812?
2, 5953
What are the prime factors of 514?
2, 257
What are the prime factors of 69402?
2, 3, 43, 269
What are the prime factors of 4613?
7, 659
What are the prime factors of 43345?
5, 8669
List the prime factors of 11487.
3, 7, 547
List the prime factors of 6495.
3, 5, 433
List the prime factors of 1010.
2, 5, 101
What are the prime factors of 2330?
2, 5, 233
List the prime factors of 642.
2, 3, 107
List the prime factors of 19741.
19, 1039
What are the prime factors of 91?
7, 13
List the prime factors of 362.
2, 181
What are the prime factors of 11717?
11717
List the prime factors of 1189.
29, 41
List the prime factors of 1759.
1759
List the prime factors of 2392.
2, 13, 23
List the prime factors of 287.
7, 41
List the prime factors of 702.
2, 3, 13
List the prime factors of 9089.
61, 149
What are the prime factors of 797?
797
List the prime factors of 8884.
2, 2221
List the prime factors of 23971.
23971
List the prime factors of 10558.
2, 5279
List the prime factors of 32670.
2, 3, 5, 11
List the prime factors of 25516.
2, 6379
What are the prime factors of 792?
2, 3, 11
List the prime factors of 4912.
2, 307
What are the prime factors of 6082?
2, 3041
What are the prime factors of 84172?
2, 11, 1913
What are the prime factors of 105500?
2, 5, 211
What are the prime factors of 62799?
3, 11, 173
List the prime factors of 16599.
3, 11, 503
What are the prime factors of 6754?
2, 11, 307
List the prime factors of 1184.
2, 37
List the prime factors of 12667.
53, 239
What are the prime factors of 1117?
1117
List the prime factors of 209.
11, 19
What are the prime factors of 74926?
2, 37463
List the prime factors of 4864.
2, 19
What are the prime factors of 33004?
2, 37, 223
What are the prime factors of 71321?
73, 977
What are the prime factors of 24001?
24001
What are the prime factors of 30738?
2, 3, 47, 109
What are the prime factors of 5218?
2, 2609
What are the prime factors of 528?
2, 3, 11
List the prime factors of 5225.
5, 11, 19
What are the prime factors of 5857?
5857
What are the prime factors of 1531?
1531
List the prime factors of 156633.
3, 109, 479
List the prime factors of 8957.
13, 53
List the prime factors of 30994.
2, 15497
What are the prime factors of 4637?
4637
What are the prime factors of 2644?
2, 661
What are the prime factors of 2694?
2, 3, 449
List the prime factors of 301.
7, 43
List the prime factors of 1273.
19, 67
List the prime factors of 6216.
2, 3, 7, 37
What are the prime factors of 1811?
1811
List the prime factors of 7337.
11, 23, 29
What are the prime factors of 861?
3, 7, 41
What are the prime factors of 12402?
2, 3, 13, 53
List the prime factors of 7650.
2, 3, 5, 17
What are the prime factors of 3296?
2, 103
What are the prime factors of 37290?
2, 3, 5, 11, 113
What are the prime factors of 4055?
5, 811
What are the prime factors of 2604?
2, 3, 7, 31
What are the prime factors of 2103?
3, 701
List the prime factors of 11322.
2, 3, 17, 37
List the prime factors of 26088.
2, 3, 1087
What are the prime factors of 4259?
4259
List the prime factors of 1617.
3, 7, 11
What are the prime factors of 36859?
29, 31, 41
What are the prime factors of 78743?
7, 1607
What are the prime factors of 76201?
181, 421
List the prime factors of 1361.
1361
List the prime factors of 8016.
2, 3, 167
What are the prime factors of 782?
2, 17, 23
What are the prime factors of 4223?
41, 103
List the prime factors of 3037.
3037
What are the prime factors of 9149?
7, 1307
What are the prime factors of 108874?
2, 54437
List the prime factors of 11982.
2, 3, 1997
What are the prime factors of 21940?
2, 5, 1097
What are the prime factors of 634?
2, 317
What are the prime factors of 22958?
2, 13, 883
What are the prime factors of 11372?
2, 2843
What are the prime factors of 5678?
2, 17, 167
What are the prime factors of 64727?
13, 383
What are the prime factors of 15075?
3, 5, 67
List the prime factors of 820.
2, 5, 41
List the prime factors of 3507.
3, 7, 167
What are the prime factors of 4134?
2, 3, 13, 53
What are the prime factors of 1061?
1061
What are the prime factors of 46023?
3, 23, 29
List the prime factors of 3848.
2, 13, 37
List the prime factors of 563.
563
What are the prime factors of 641?
641
What